 -g + 5*r. What are the prime factors of g?
167
List the prime factors of (-36)/8*(-1148 - -34).
3, 557
Suppose -4 = -0*h - h. Suppose 0 = -5*a - h*a - 117. Let f(v) = -v**3 - 12*v**2 - 2*v - 12. What are the prime factors of f(a)?
3, 61
Suppose 4*s + 22 = j, 2*j - 22 = -s - 2*s. Let w = j + -13. List the prime factors of (w + 2/4)/((-15)/(-1790)).
179
Let v(j) = 13431*j**2 + 64*j + 60. What are the prime factors of v(-1)?
29, 463
Let j be (4 + 1)/(0 + 1). Suppose 0 = -f + 5*g + 120, -j*g = 2*f + 25 - 325. Suppose -32 - f = -4*q. What are the prime factors of q?
43
Suppose -7*p = -1941 - 5332. Let t = p - 310. List the prime factors of t.
3
Let n(q) = 2*q + 33. Let h be n(-14). Suppose -2*u = 4*x + 94, 0*u + h*u = 3*x + 77. What are the prime factors of ((-70)/(-56))/((-1)/x)?
2, 3, 5
Suppose -2*a + 262 + 76 = 0. Let y = 130 + a. What are the prime factors of y?
13, 23
Let r = 151 - 243. Let o be ((-33)/(-11))/((-6)/r). Let f = 39 + o. What are the prime factors of f?
5, 17
Let n(o) = -19*o + 9. Let c be n(-4). What are the prime factors of (-2040)/c*(-34)/8?
2, 3, 17
Let o(g) = -69 + 31 + 208*g + 715*g. List the prime factors of o(1).
3, 5, 59
Let b be 1*((-656)/(-4))/(-4). Let m = b + 38. What are the prime factors of (26 - 2)/((-2)/m)?
2, 3
Let c be 1/((1/(-3))/((-46)/6)). Let w = c + -25. What are the prime factors of 1257/9 + ((-6)/9)/w?
2, 5, 7
Let f = 764 + -762. List the prime factors of 2*(f - -518 - (-16 - -10)).
2, 263
Let u = -20 - -16. What are the prime factors of 2818/(-3)*(18/u + 3)?
1409
Suppose -88 = -5*x - 8. Suppose x*a = 8597 + 7755. List the prime factors of a.
2, 7, 73
Let v = -90772 - -130172. List the prime factors of v.
2, 5, 197
Let d = 3990 + -2245. List the prime factors of d.
5, 349
Suppose -4*j + 0*d + 38 = -3*d, 2*j - 3*d = 16. Suppose j*q - 1616 = 7316. What are the prime factors of q?
2, 7, 29
List the prime factors of 65995/((-52)/(-13) - -1).
67, 197
Suppose 2*z = 7*z - 5*u + 5, 19 = 5*z + 3*u. Suppose -59 = 3*g - g - t, -z*t - 44 = 2*g. What are the prime factors of -3*g*2 + (5 - 5)?
2, 3
Suppose 54653 = 4*h - 3*z, 4*h - 8*z - 54698 = -10*z. What are the prime factors of h?
2, 5, 1367
Let n = 3170 - -19053. What are the prime factors of n?
71, 313
Let l be ((-72)/(-28))/(2/14). Suppose 0 = 5*w - 32 - l. List the prime factors of (-410)/(-4) + 5/w.
103
Suppose 41 - 25 = -8*f. What are the prime factors of (0 + f - -21)*(-12 + 15)?
3, 19
Suppose a = 2*a - z - 3, 21 = 3*a + 3*z. Suppose -11628 = -7*b - a*b. List the prime factors of b.
3, 17, 19
Suppose 4*l + 6 = m, 3*m - 10 = -0*m + 4*l. Suppose 5*z - 8 = m. Suppose -2*r + 5*p + 101 = -5, -2*r + 118 = -z*p. List the prime factors of r.
3, 7
Suppose 0 = 21*j - 19*j - 1526. Let m(a) = -137*a + 5. Let v be m(4). Let f = j + v. List the prime factors of f.
2, 5, 11
Let q(m) = -889 - m**3 - 2*m - 3*m**2 + 7*m - 2*m + 992. List the prime factors of q(-8).
3, 7, 19
Suppose 2*t + 6 = 0, -4*w + 2*t - 3398 = -10108. Suppose 2*m = 6*m - w. Let b = 604 - m. List the prime factors of b.
5, 37
Suppose 12333 = 58*f - 164364 - 38309. List the prime factors of f.
11, 337
List the prime factors of (-35012)/(-5) + ((-15)/(-60))/(5/(-8)).
2, 3, 389
Suppose 2*z = 6, 0*z + 57 = 3*w - 4*z. Suppose w*r - 36 = 5599. What are the prime factors of r?
5, 7
Let y be 4*(-3 - (-51)/(-6)). Let u = -134 - -336. What are the prime factors of y/(-69) + u/3?
2, 17
Let d be 24/(-15) - -2 - 3339/(-15). Suppose a + a - 64 = -j, -4*j + d = -3*a. Suppose -2*g = -j - 24. List the prime factors of g.
41
Let l = 23354 + -8144. List the prime factors of l.
2, 3, 5, 13
Let v(i) = i + 11. Let l be v(-5). What are the prime factors of (-4)/l + 474/72*92?
5, 11
Let a(g) = 2*g**2 + 25*g - 39. Let l be a(-14). Suppose l*d = 34*d - 22785. List the prime factors of d.
3, 5, 7
Suppose 19*k = 22*k - 96. Suppose -2*w = -0*w - 350. Let m = w - k. List the prime factors of m.
11, 13
What are the prime factors of (-1 - -50741) + -64 + 54?
2, 3, 5, 19, 89
Suppose 3*b - 29 = 40. Suppose -15944 = -b*z + 961. List the prime factors of z.
3, 5, 7
Suppose -4*a = -2*c + 6, a + 2*a + 6 = 0. Let f(d) = 248*d**2 - 8*d - 10. List the prime factors of f(c).
2, 3, 41
Let a be (1 - -4)*48/60. Suppose 0 = -a*n - n - 5. What are the prime factors of n + -1 - (25/5 + -12)?
5
What are the prime factors of -2 - -47323 - ((-12)/(-36))/((-4)/12)?
2, 3, 11, 239
Let p(h) = -620*h + 854. List the prime factors of p(-50).
2, 3, 5309
Let m = -7 + 12. Let t be (-13)/((-65)/(-6))*m. What are the prime factors of 25/(-2)*-8*(-3)/t?
2, 5
Suppose 552*a - 241*a - 5945856 = 227*a. List the prime factors of a.
2, 7, 79
Let i = -460 - -459. What are the prime factors of 725 - ((14 - 6) + i)?
2, 359
Suppose 2*t = -3*u + 18, -4*t = -3*u - 0 + 18. What are the prime factors of 4/u*(-60)/(-8) - -44?
7
Suppose g - 3*g + 4*c - 20 = 0, -5*g - 2*c = -10. Let o be -1 + (-1 - g) - 222. List the prime factors of -1*(-1 + o)/5.
3, 5
Let d(s) = 17*s**2 - 42*s - 201. List the prime factors of d(24).
3, 2861
Let v = -137 - -137. Suppose y - 7*o - 70 = -2*o, -2*o + 2 = v. List the prime factors of y.
3, 5
Suppose 912 - 340 = 2*l. Suppose -174 = -2*t + l. What are the prime factors of t?
2, 5, 23
Let d be -5*(7222/(-30) - (-13)/39). Suppose d = 2*v - 134. What are the prime factors of v?
2, 167
Let i be (-5 - (-90)/20)*0. Suppose i = -14*x + 2273 + 233. What are the prime factors of x?
179
Suppose 0 = 4*n - 4*x - 2108, 4*x - 903 = -2*n + 151. Suppose o + 604 = 5*q, 4*o + 63 = -4*q + n. What are the prime factors of q?
2, 3, 5
Let v(i) = i**2 - i + 75. Let w be v(0). Let r = w - 73. Suppose -r*h - 3*h = -10, 0 = -3*j + h + 391. What are the prime factors of j?
131
Suppose 0 = 3*f - 14842 + 2368. List the prime factors of f.
2, 3, 7, 11
Let g = 24890 + 32398. List the prime factors of g.
2, 3, 7, 11, 31
Suppose 28 = 5*h - 4*d, -8*h = -3*h + d - 18. Suppose -h*s = 6*s - 3190. List the prime factors of s.
11, 29
Let k = -17763 - -44080. List the prime factors of k.
26317
Let j(b) be the second derivative of b**4/2 - 3*b**3 + 27*b**2/2 + 213*b. List the prime factors of j(13).
3, 269
What are the prime factors of ((-3)/(-4))/((-555023)/(-50456) + 165/(-15))?
2, 3, 17, 53
Let k(j) be the first derivative of -10*j**2 - 87*j - 79. List the prime factors of k(-24).
3, 131
Let j = 1125 + -545. Let s = j + -380. Suppose 6*c = s - 62. List the prime factors of c.
23
Suppose -65*y + 446089 = -1436. What are the prime factors of y?
3, 5, 17
Let a = 23886 + -16152. What are the prime factors of a?
2, 3, 1289
Suppose 0 = -501*n + 505*n - 1304. Suppose 6 = -4*w + n. List the prime factors of w.
2, 5
Suppose 21361 = 16*n - 12591. What are the prime factors of n?
2, 1061
Suppose -19973 = -28*q - 6281. Let j = q - 372. List the prime factors of j.
3, 13
Suppose 14 - 64 = -5*d - 3*r, -d - 3*r + 22 = 0. Let k(t) = 4 - 1 - 4 - 8*t - 2*t**3 - 1 + 16*t**2. List the prime factors of k(d).
2, 5
What are the prime factors of (15 - (9 + 3))/(-7) - (-84678)/14?
2, 3, 7
Let y be -7*(-22)/((-4)/6*-3). Suppose -4*g = y + 67. Let n = g - -77. List the prime factors of n.
41
Let z = 5315 + 8320. List the prime factors of z.
3, 5, 101
Suppose -94*s - 13*s = -615999. List the prime factors of s.
3, 19, 101
Let h = 52 - 48. Suppose -h*z + 3*z + 1 = 0. List the prime factors of 0/(-1) + z - (-161 + 2).
2, 5
Let m = 63 - 58. Suppose -m*a = -5*w + 925, 3*w = -0*w - 4*a + 576. What are the prime factors of w?
2, 47
Let q be 154/(-56) + 2/(-8). Let c be (-1020)/32 + q/24. Let n = 72 + c. List the prime factors of n.
2, 5
Let l(j) = -132*j - 35. Let c(m) = 5*m - 91. Let k be c(17). List the prime factors of l(k).
757
Suppose -3*d - 5*o = -45, -d + 4*o - 7*o = -11. List the prime factors of (2088/10)/(-4)*d/(-6).
2, 3, 29
What are the prime factors of 2/54 - (-7427195)/513?
2, 3, 19, 127
Suppose -10*d - 836 + 656 = 0. Let p(j) = 2*j**3 + 37*j**2 - 5*j + 30. List the prime factors of p(d).
2, 3, 37
Let n(j) = 2*j**2 + 24*j + 14. Let a be n(-12). Suppose 0 = 12*w - a*w + 650. What are the prime factors of w?
5, 13
What are the prime factors of 4/(-5) - 32688/(-60)*21?
2, 5, 11, 13
Suppose -9329591 = -503*s + 190*s. What are the prime factors of s?
41, 727
Let o(n) = -58*n - 4. Let u be o(-3). Let k = 3621 - 3